37?
False
Does 36 divide 12168?
True
Is 882 a multiple of 78?
False
Is 6 a factor of 205?
False
Is 66 a factor of 22814?
False
Is 9920 a multiple of 32?
True
Does 3 divide 3297?
True
Does 9 divide 3096?
True
Does 110 divide 22440?
True
Is 312 a multiple of 8?
True
Is 5868 a multiple of 12?
True
Does 18 divide 2781?
False
Does 7 divide 17468?
False
Is 8 a factor of 1774?
False
Does 80 divide 880?
True
Is 4 a factor of 86?
False
Is 10 a factor of 1100?
True
Is 4 a factor of 2720?
True
Is 111 a factor of 70707?
True
Is 86 a factor of 4988?
True
Is 1584 a multiple of 11?
True
Does 27 divide 218?
False
Is 239 a multiple of 3?
False
Does 34 divide 1360?
True
Is 48804 a multiple of 14?
True
Is 21 a factor of 388?
False
Is 16 a factor of 2912?
True
Is 8 a factor of 512?
True
Does 34 divide 542?
False
Is 26909 a multiple of 18?
False
Is 3161 a multiple of 109?
True
Does 7 divide 957?
False
Is 75 a factor of 732?
False
Does 76 divide 8452?
False
Does 27 divide 8872?
False
Does 23 divide 1250?
False
Does 212 divide 28826?
False
Is 24 a factor of 5400?
True
Does 48 divide 20817?
False
Is 2102 a multiple of 131?
False
Is 5 a factor of 611?
False
Is 3381 a multiple of 21?
True
Is 4 a factor of 10356?
True
Is 17 a factor of 187?
True
Does 74 divide 740?
True
Does 3 divide 1923?
True
Is 137 a factor of 5538?
False
Does 133 divide 1406?
False
Is 5 a factor of 1295?
True
Does 312 divide 65520?
True
Does 59 divide 767?
True
Is 14 a factor of 925?
False
Is 11 a factor of 3718?
True
Is 9611 a multiple of 221?
False
Is 321 a factor of 104850?
False
Is 8400 a multiple of 84?
True
Is 31 a factor of 31403?
True
Is 901 a multiple of 9?
False
Is 944 even?
True
Is 51 a factor of 255?
True
Is 2 a factor of 665?
False
Is 12 a factor of 1680?
True
Is 3930 a multiple of 92?
False
Is 12 a factor of 3012?
True
Does 39 divide 9828?
True
Does 49 divide 9076?
False
Is 48 a multiple of 7?
False
Is 10406 a multiple of 113?
False
Is 28 a factor of 532?
True
Does 2 divide 192?
True
Does 100 divide 773?
False
Does 94 divide 6486?
True
Does 51 divide 6273?
True
Is 640 a multiple of 24?
False
Does 50 divide 567?
False
Does 20 divide 55140?
True
Is 750 a multiple of 9?
False
Is 370 a multiple of 10?
True
Is 85 a multiple of 14?
False
Is 660 a multiple of 33?
True
Is 88 a factor of 9862?
False
Does 28 divide 3552?
False
Is 1007 a multiple of 19?
True
Is 103 a factor of 1442?
True
Is 36 a factor of 631?
False
Is 68817 a multiple of 29?
True
Is 2741 a multiple of 11?
False
Is 25 a factor of 1210?
False
Is 11214 a multiple of 14?
True
Does 24 divide 38282?
False
Is 191 a multiple of 78?
False
Is 18 a factor of 2304?
True
Is 7770 a multiple of 5?
True
Does 7 divide 42003?
False
Is 3481 a multiple of 80?
False
Does 3 divide 259?
False
Is 138 a multiple of 18?
False
Is 80 a factor of 2613?
False
Is 20 a factor of 49244?
False
Does 3 divide 180?
True
Does 11 divide 61182?
True
Does 3 divide 337?
False
Is 3900 a multiple of 52?
True
Does 112 divide 20272?
True
Is 2272 a multiple of 16?
True
Is 113952 a multiple of 96?
True
Is 53 a factor of 1325?
True
Is 295 a multiple of 17?
False
Is 960 a multiple of 32?
True
Does 35 divide 11200?
True
Is 99 a factor of 1485?
True
Is 20437 a multiple of 16?
False
Does 9 divide 31202?
False
Does 3 divide 134?
False
Is 7202 a multiple of 71?
False
Does 50 divide 1000?
True
Is 480 a multiple of 16?
True
Is 19 a factor of 186?
False
Is 13273 a multiple of 24?
False
Is 15 a factor of 46095?
True
Is 35 a factor of 31465?
True
Does 320 divide 48088?
False
Is 206 a multiple of 2?
True
Does 22 divide 419?
False
Is 30 a factor of 63330?
True
Does 39 divide 18918?
False
Is 820 a multiple of 8?
False
Is 63 a multiple of 7?
True
Does 23 divide 28465?
False
Is 2 a factor of 516?
True
Is 17 a factor of 340?
True
Is 11 a factor of 318?
False
Does 4 divide 156?
True
Does 15 divide 1965?
True
Is 3 a factor of 1560?
True
Is 3 a factor of 45?
True
Does 4 divide 1536?
True
Is 17 a factor of 89284?
True
Is 371 a multiple of 18?
False
Is 16 a factor of 52928?
True
Does 7 divide 9184?
True
Does 57 divide 25023?
True
Is 9 a factor of 5999?
False
Is 416 a multiple of 26?
True
Is 13860 a multiple of 165?
True
Is 98 a factor of 768?
False
Does 30 divide 779?
False
Is 11 a factor of 5184?
False
Does 79 divide 11099?
False
Is 40 a factor of 561?
False
Does 12 divide 906?
False
Is 240 a multiple of 60?
True
Is 390 a factor of 20969?
False
Is 8 a factor of 10621?
False
Is 14 a factor of 252?
True
Is 8625 a multiple of 5?
True
Is 2751 a multiple of 33?
False
Does 7 divide 5830?
False
Is 135152 a multiple of 19?
False
Does 7 divide 25739?
True
Does 181 divide 4375?
False
Is 22 a factor of 748?
True
Does 225 divide 4455?
False
Is 108 a multiple of 18?
True
Is 40 a factor of 1040?
True
Does 43 divide 3698?
True
Is 71 a factor of 5659?
False
Is 8 a factor of 2524?
False
Does 4 divide 1182?
False
Is 900 a multiple of 60?
True
Is 63 a multiple of 21?
True
Does 62 divide 35712?
True
Is 8 a factor of 2112?
True
Is 42 a factor of 3528?
True
Is 2 a factor of 409?
False
Does 4 divide 658?
False
Is 3 a factor of 428?
False
Is 4101 a multiple of 164?
False
Is 780 a multiple of 20?
True
Is 10791 a multiple of 109?
True
Is 5 a factor of 413?
False
Is 42171 a multiple of 39?
False
Does 7 divide 13706?
True
Is 3966 a multiple of 84?
False
Does 29 divide 928?
True
Is 155 a factor of 6500?
False
Is 55 a factor of 2575?
False
Is 33 a factor of 11253?
True
Is 22 a factor of 1078?
True
Does 107 divide 1284?
True
Is 300 a multiple of 5?
True
Is 9 a factor of 1549?
False
Is 24 a factor of 21480?
True
Is 969 a multiple of 17?
True
Is 259 a multiple of 43?
False
Is 59 a factor of 9682?
False
Is 252 a multiple of 12?
True
Is 2110 a multiple of 66?
False
Is 2061 a multiple of 3?
True
Is 50 a factor of 100?
True
Is 11808 a multiple of 144?
True
Is 8189 a multiple of 35?
False
Does 4 divide 12?
True
Is 140 a multiple of 24?
False
Is 20 a multiple of 10?
True
Does 4 divide 21860?
True
Does 48 divide 2880?
True
Does 44 divide 264?
True
Is 2 a factor of 42?
True
Does 17 divide 1505?
False
Does 132 divide 18152?
False
Does 169 divide 3161?
False
Does 23 divide 1169?
False
Is 46 a factor of 8427?
False
Is 10 a factor of 8810?
True
Is 36 a factor of 2664?
True
Is 38741 a multiple of 17?
False
Does 18 divide 2142?
True
Does 64 divide 1333?
False
Is 6 a factor of 264?
True
Is 15792 a multiple of 14?
True
Does 3 divide 105?
True
Is 10 a factor of 56290?
True
Does 10 divide 1383?
False
Does 24 divide 240?
True
Does 68 divide 2578?
False
Is 11 a factor of 1727?
True
Does 12 divide 276?
True
Is 9669 a multiple of 11?
True
Does 14 divide 373?
False
Does 7 divide 554?
False
Does 4 divide 4680?
True
Is 360 a multiple of 10?
True
Is 249 a multiple of 83?
True
Is 20 a factor of 230?
False
Is 84 a multiple of 12?
True
Is 5562 a multiple of 27?
True
Is 18 a factor of 4172?
False
Is 18 a factor of 2736?
True
Is 3210 a multiple of 5?
True
Does 46 divide 1472?
True
Does 54 divide 3672?
True
Is 4 a factor of 57?
False
Is 3151 a multiple of 29?
False
Is 10 a factor of 1590?
True
Is 66 a factor of 3957?
False
Is 1392 a multiple of 54?
False
Is 31 a factor of 2865?
False
Is 7 a factor of 357?
True
Does 47 divide 34827?
True
Is 9 a factor of 460?
False
Is 2030 a multiple of 14?
True
Is 64 a multiple of 15?
False
Does 5 divide 3005?
True
Is 157 a factor of 12077?
False
Is 8466 a multiple of 102?
True
Is 7 a factor of 8526?
True
Does 43 divide 13311?
False
Does 209 divide 10868?
True
Is 9 a factor of 2259?
True
Is 77 a factor of 2464?
True
Is 9 a factor of 1805?
False
Does 118 divide 21358?
True
Is 27398 a multiple of 61?
False
Does 40 divide 880?
True
Does 39 divide 6794?
False
Is 3 a factor of 1195?
False
Does 105 divide 3249?
False
Does 7 divide 6603?
False
Is 116 a factor of 3092?
False
Is 10149 a multiple of 9?
False
Is 64 a multiple of 2?
True
Is 202 a multiple of 5?
False
Does 70 divide 1293?
False
Does 31 divide 11718?
True
Is 19068 a multiple of 28?
True
Is 13 a factor of 585?
True
Is 83 a factor of 3513?
False
Is 49 a factor of 1225?
True
Is 26 a factor of 1066?
True
Does 11 divide 10263?
True
Is 34 a factor of 5916?
True
Is 168 a multiple of 15?
False
Is 95 a factor of 30875?
True
Does 10 divide 1194?
False
Is 10 a factor of 504?
False